{"id":4,"date":"2015-10-03T18:48:41","date_gmt":"2015-10-03T16:48:41","guid":{"rendered":"https:\/\/landsbygdspartiet.org\/dalarna\/?page_id=4"},"modified":"2018-02-11T21:01:12","modified_gmt":"2018-02-11T20:01:12","slug":"startsida-dalarna","status":"publish","type":"page","link":"https:\/\/arkiv.landsbygdspartiet.org\/dalarna\/","title":{"rendered":"Startsida Dalarna"},"content":{"rendered":"<p><img loading=\"lazy\" class=\"aligncenter size-full wp-image-1484\" src=\"https:\/\/arkiv.landsbygdspartiet.org\/wp-content\/uploads\/2015\/11\/LPo-Dalarna-ha\u0308st.jpg\" alt=\"LPo Dalarna ha\u0308st\" width=\"1831\" height=\"490\" \/>S\u00f6ndag den 21 januari 2018 bildades en interimsstyrelse f\u00f6r Landsbygdspartiet oberoende Dalarna. Det var p\u00e5 ett v\u00e4lbes\u00f6kt m\u00f6te i Vallmog\u00e5rden, Valler\u00e5s, Malung. Det bildades \u00e4ven en interimsstyrelse f\u00f6r LPo Malung-S\u00e4lens kommun vid samma tillf\u00e4lle och tv\u00e5 nya partimedlemmar tillkom under m\u00f6tet.<\/p>\n<p>Partiordf\u00f6rande Erika S\u00f6reng\u00e5rd ledde m\u00f6tet assisterad av partisekreterare Tjern Inga Wall fr\u00e5n dalakommunen \u00c4lvdalen.<\/p>\n<p>Interimsstyrelsen f\u00f6r Dalarna best\u00e5r av Kristian Olofsson, S\u00e4len (Malung-S\u00e4len), Tjern Inga Wall, S\u00e4rna (\u00c4lvdalen), John S\u00e4ljg\u00e5rd, Dala-J\u00e4rna (Vansbro) och Nils G\u00e4vert, Furudal (R\u00e4ttvik).<br \/>\nDu n\u00e5r alla genom samma mejladress, <a href=\"mailto:dalarna@landsbygdspartiet.org\">dalarna@landsbygdspartiet.org<\/a><br \/>\nVi ska snarast kalla till ett \u00e5rsm\u00f6te d\u00e4r f\u00f6reningen formellt bildas och en styrelse utses. Kontakta oss med f\u00f6rslag p\u00e5 f\u00f6rtroendevalda fr\u00e5n hela l\u00e4net!<\/p>\n<p><img loading=\"lazy\" class=\"aligncenter size-full wp-image-54\" src=\"https:\/\/arkiv.landsbygdspartiet.org\/dalarna\/wp-content\/uploads\/sites\/29\/2018\/01\/180121-LPoMalung-Bildandemo\u0308ten.jpg\" alt=\"\" width=\"960\" height=\"500\" srcset=\"https:\/\/arkiv.landsbygdspartiet.org\/dalarna\/wp-content\/uploads\/sites\/29\/2018\/01\/180121-LPoMalung-Bildandemo\u0308ten.jpg 960w, https:\/\/arkiv.landsbygdspartiet.org\/dalarna\/wp-content\/uploads\/sites\/29\/2018\/01\/180121-LPoMalung-Bildandemo\u0308ten-300x156.jpg 300w, https:\/\/arkiv.landsbygdspartiet.org\/dalarna\/wp-content\/uploads\/sites\/29\/2018\/01\/180121-LPoMalung-Bildandemo\u0308ten-768x400.jpg 768w\" sizes=\"(max-width: 960px) 100vw, 960px\" \/><\/p>\n<p><iframe loading=\"lazy\" src=\"https:\/\/www.youtube.com\/embed\/hEKqQAGhZio?rel=0&amp;controls=0\" width=\"560\" height=\"315\" frameborder=\"0\" allowfullscreen=\"allowfullscreen\"><\/iframe><\/p>\n","protected":false},"excerpt":{"rendered":"<p>S\u00f6ndag den 21 januari 2018 bildades en interimsstyrelse f\u00f6r Landsbygdspartiet oberoende Dalarna. Det var p\u00e5 ett v\u00e4lbes\u00f6kt m\u00f6te i Vallmog\u00e5rden, Valler\u00e5s, Malung. Det bildades \u00e4ven en interimsstyrelse f\u00f6r LPo Malung-S\u00e4lens kommun vid samma tillf\u00e4lle och tv\u00e5 nya partimedlemmar tillkom under <span class=\"excerpt-dots\">&hellip;<\/span> <a class=\"more-link\" href=\"https:\/\/arkiv.landsbygdspartiet.org\/dalarna\/\"><span class=\"more-msg\">L\u00e4s mer &rarr;<\/span><\/a><\/p>\n","protected":false},"author":14,"featured_media":0,"parent":0,"menu_order":0,"comment_status":"closed","ping_status":"closed","template":"","meta":[],"_links":{"self":[{"href":"https:\/\/arkiv.landsbygdspartiet.org\/dalarna\/wp-json\/wp\/v2\/pages\/4"}],"collection":[{"href":"https:\/\/arkiv.landsbygdspartiet.org\/dalarna\/wp-json\/wp\/v2\/pages"}],"about":[{"href":"https:\/\/arkiv.landsbygdspartiet.org\/dalarna\/wp-json\/wp\/v2\/types\/page"}],"author":[{"embeddable":true,"href":"https:\/\/arkiv.landsbygdspartiet.org\/dalarna\/wp-json\/wp\/v2\/users\/14"}],"replies":[{"embeddable":true,"href":"https:\/\/arkiv.landsbygdspartiet.org\/dalarna\/wp-json\/wp\/v2\/comments?post=4"}],"version-history":[{"count":23,"href":"https:\/\/arkiv.landsbygdspartiet.org\/dalarna\/wp-json\/wp\/v2\/pages\/4\/revisions"}],"predecessor-version":[{"id":59,"href":"https:\/\/arkiv.landsbygdspartiet.org\/dalarna\/wp-json\/wp\/v2\/pages\/4\/revisions\/59"}],"wp:attachment":[{"href":"https:\/\/arkiv.landsbygdspartiet.org\/dalarna\/wp-json\/wp\/v2\/media?parent=4"}],"curies":[{"name":"wp","href":"https:\/\/api.w.org\/{rel}","templated":true}]}}

<p><img loading="lazy" class="aligncenter size-full wp-image-1484" src="https://arkiv.landsbygdspartiet.org/wp-content/uploads/2015/11/LPo-Dalarna-häst.jpg" alt="LPo Dalarna häst" width="1831" height="490" />Söndag den 21 januari 2018 bildades en interimsstyrelse för Landsbygdspartiet oberoende Dalarna. Det var på ett välbesökt möte i Vallmogården, Vallerås, Malung. Det bildades även en interimsstyrelse för LPo Malung-Sälens kommun vid samma tillfälle och två nya partimedlemmar tillkom under mötet.</p>
<p>Partiordförande Erika Sörengård ledde mötet assisterad av partisekreterare Tjern Inga Wall från dalakommunen Älvdalen.</p>
<p>Interimsstyrelsen för Dalarna består av Kristian Olofsson, Sälen (Malung-Sälen), Tjern Inga Wall, Särna (Älvdalen), John Säljgård, Dala-Järna (Vansbro) och Nils Gävert, Furudal (Rättvik).<br />
Du når alla genom samma mejladress, <a href="mailto:dalarna@landsbygdspartiet.org">dalarna@landsbygdspartiet.org</a><br />
Vi ska snarast kalla till ett årsmöte där föreningen formellt bildas och en styrelse utses. Kontakta oss med förslag på förtroendevalda från hela länet!</p>
<p><img loading="lazy" class="aligncenter size-full wp-image-54" src="https://arkiv.landsbygdspartiet.org/dalarna/wp-content/uploads/sites/29/2018/01/180121-LPoMalung-Bildandemöten.jpg" alt="" width="960" height="500" srcset="https://arkiv.landsbygdspartiet.org/dalarna/wp-content/uploads/sites/29/2018/01/180121-LPoMalung-Bildandemöten.jpg 960w, https://arkiv.landsbygdspartiet.org/dalarna/wp-content/uploads/sites/29/2018/01/180121-LPoMalung-Bildandemöten-300x156.jpg 300w, https://arkiv.landsbygdspartiet.org/dalarna/wp-content/uploads/sites/29/2018/01/180121-LPoMalung-Bildandemöten-768x400.jpg 768w" sizes="(max-width: 960px) 100vw, 960px" /></p>
<p><iframe loading="lazy" src="https://www.youtube.com/embed/hEKqQAGhZio?rel=0&amp;controls=0" width="560" height="315" frameborder="0" allowfullscreen="allowfullscreen"></iframe></p>

<p>Söndag den 21 januari 2018 bildades en interimsstyrelse för Landsbygdspartiet oberoende Dalarna. Det var på ett välbesökt möte i Vallmogården, Vallerås, Malung. Det bildades även en interimsstyrelse för LPo Malung-Sälens kommun vid samma tillfälle och två nya partimedlemmar tillkom under <span class="excerpt-dots">&hellip;</span> <a class="more-link" href="https://arkiv.landsbygdspartiet.org/dalarna/"><span class="more-msg">Läs mer &rarr;</span></a></p>
