{"id":88,"date":"2018-03-17T03:53:48","date_gmt":"2018-03-17T02:53:48","guid":{"rendered":"https:\/\/landsbygdspartiet.org\/jonkopingslan\/?page_id=88"},"modified":"2018-05-19T15:34:20","modified_gmt":"2018-05-19T13:34:20","slug":"lista-till-kommunfullmaktige-i-savsjo","status":"publish","type":"page","link":"https:\/\/arkiv.landsbygdspartiet.org\/jonkopingslan\/lista-till-kommunfullmaktige-i-savsjo\/","title":{"rendered":"Lista till kommunfullm\u00e4ktige i S\u00e4vsj\u00f6"},"content":{"rendered":"<p><img loading=\"lazy\" class=\"size-large wp-image-144 alignnone\" src=\"https:\/\/arkiv.landsbygdspartiet.org\/jonkopingslan\/wp-content\/uploads\/sites\/30\/2018\/05\/Marknad05-1024x823.jpg\" alt=\"\" width=\"1024\" height=\"823\" srcset=\"https:\/\/arkiv.landsbygdspartiet.org\/jonkopingslan\/wp-content\/uploads\/sites\/30\/2018\/05\/Marknad05-1024x823.jpg 1024w, https:\/\/arkiv.landsbygdspartiet.org\/jonkopingslan\/wp-content\/uploads\/sites\/30\/2018\/05\/Marknad05-300x241.jpg 300w, https:\/\/arkiv.landsbygdspartiet.org\/jonkopingslan\/wp-content\/uploads\/sites\/30\/2018\/05\/Marknad05-768x617.jpg 768w, https:\/\/arkiv.landsbygdspartiet.org\/jonkopingslan\/wp-content\/uploads\/sites\/30\/2018\/05\/Marknad05.jpg 1152w\" sizes=\"(max-width: 1024px) 100vw, 1024px\" \/>Fr\u00e5n v\u00e4nster: Carl-Eric L\u00e4ndell och Mikael Sterner p\u00e5 Vrigstad Marknad 19\/5.<\/p>\n<h3>Lista till kommunfullm\u00e4ktige i S\u00e4vsj\u00f6 fastst\u00e4lld 2018-03-15<\/h3>\n<ol>\n<li>Mikael Sterner, Ordf\u00f6rande, S\u00e4vsj\u00f6<\/li>\n<li>Carl-Eric L\u00e4ndell, L\u00e4rare, Vrigstad<\/li>\n<\/ol>\n","protected":false},"excerpt":{"rendered":"<p>Fr\u00e5n v\u00e4nster: Carl-Eric L\u00e4ndell och Mikael Sterner p\u00e5 Vrigstad Marknad 19\/5. Lista till kommunfullm\u00e4ktige i S\u00e4vsj\u00f6 fastst\u00e4lld 2018-03-15 Mikael Sterner, Ordf\u00f6rande, S\u00e4vsj\u00f6 Carl-Eric L\u00e4ndell, L\u00e4rare, Vrigstad<\/p>\n <a class=\"more-link\" href=\"https:\/\/arkiv.landsbygdspartiet.org\/jonkopingslan\/lista-till-kommunfullmaktige-i-savsjo\/\"><span class=\"more-msg\">L\u00e4s mer &rarr;<\/span><\/a>","protected":false},"author":29,"featured_media":0,"parent":0,"menu_order":0,"comment_status":"closed","ping_status":"closed","template":"","meta":[],"_links":{"self":[{"href":"https:\/\/arkiv.landsbygdspartiet.org\/jonkopingslan\/wp-json\/wp\/v2\/pages\/88"}],"collection":[{"href":"https:\/\/arkiv.landsbygdspartiet.org\/jonkopingslan\/wp-json\/wp\/v2\/pages"}],"about":[{"href":"https:\/\/arkiv.landsbygdspartiet.org\/jonkopingslan\/wp-json\/wp\/v2\/types\/page"}],"author":[{"embeddable":true,"href":"https:\/\/arkiv.landsbygdspartiet.org\/jonkopingslan\/wp-json\/wp\/v2\/users\/29"}],"replies":[{"embeddable":true,"href":"https:\/\/arkiv.landsbygdspartiet.org\/jonkopingslan\/wp-json\/wp\/v2\/comments?post=88"}],"version-history":[{"count":5,"href":"https:\/\/arkiv.landsbygdspartiet.org\/jonkopingslan\/wp-json\/wp\/v2\/pages\/88\/revisions"}],"predecessor-version":[{"id":146,"href":"https:\/\/arkiv.landsbygdspartiet.org\/jonkopingslan\/wp-json\/wp\/v2\/pages\/88\/revisions\/146"}],"wp:attachment":[{"href":"https:\/\/arkiv.landsbygdspartiet.org\/jonkopingslan\/wp-json\/wp\/v2\/media?parent=88"}],"curies":[{"name":"wp","href":"https:\/\/api.w.org\/{rel}","templated":true}]}}

Lista till kommunfullmäktige i Sävsjö

<p><img loading="lazy" class="size-large wp-image-144 alignnone" src="https://arkiv.landsbygdspartiet.org/jonkopingslan/wp-content/uploads/sites/30/2018/05/Marknad05-1024x823.jpg" alt="" width="1024" height="823" srcset="https://arkiv.landsbygdspartiet.org/jonkopingslan/wp-content/uploads/sites/30/2018/05/Marknad05-1024x823.jpg 1024w, https://arkiv.landsbygdspartiet.org/jonkopingslan/wp-content/uploads/sites/30/2018/05/Marknad05-300x241.jpg 300w, https://arkiv.landsbygdspartiet.org/jonkopingslan/wp-content/uploads/sites/30/2018/05/Marknad05-768x617.jpg 768w, https://arkiv.landsbygdspartiet.org/jonkopingslan/wp-content/uploads/sites/30/2018/05/Marknad05.jpg 1152w" sizes="(max-width: 1024px) 100vw, 1024px" />Från vänster: Carl-Eric Ländell och Mikael Sterner på Vrigstad Marknad 19/5.</p>
<h3>Lista till kommunfullmäktige i Sävsjö fastställd 2018-03-15</h3>
<ol>
<li>Mikael Sterner, Ordförande, Sävsjö</li>
<li>Carl-Eric Ländell, Lärare, Vrigstad</li>
</ol>

<p>Från vänster: Carl-Eric Ländell och Mikael Sterner på Vrigstad Marknad 19/5. Lista till kommunfullmäktige i Sävsjö fastställd 2018-03-15 Mikael Sterner, Ordförande, Sävsjö Carl-Eric Ländell, Lärare, Vrigstad</p>
 <a class="more-link" href="https://arkiv.landsbygdspartiet.org/jonkopingslan/lista-till-kommunfullmaktige-i-savsjo/"><span class="more-msg">Läs mer &rarr;</span></a>
