{"id":8,"date":"2019-03-05T20:03:24","date_gmt":"2019-03-05T19:03:24","guid":{"rendered":"https:\/\/landsbygdspartiet.org\/ornskoldsvik\/?page_id=8"},"modified":"2019-05-05T20:02:14","modified_gmt":"2019-05-05T18:02:14","slug":"startsida","status":"publish","type":"page","link":"https:\/\/arkiv.landsbygdspartiet.org\/ornskoldsvik\/","title":{"rendered":"Startsida"},"content":{"rendered":"<p>V\u00e4lkommen till Landsbygdspartiet oberoende \u00d6rnsk\u00f6ldsviks hemsida! Lokalavdelningen startades upp 3 december 2018. F\u00f6reningen bildades f\u00f6r att landsbygdsfr\u00e5gorna \u00e4r h\u00f6gaktuella och att vi vill diskutera v\u00e5ra lokala levnadsvillkor som f\u00f6rs\u00e4mras i snabb takt. Det handlar om allt fr\u00e5n service d\u00e4r man valt att bo, milj\u00f6, jobb, naturv\u00e4rden, mark\u00e4gander\u00e4tt, vindkraft, vatten mm. \u00c4r du intresserad av landsbygdsfr\u00e5gor \u00e4r ni v\u00e4lkomna som medlemmar i Landsbygdspartiet oberoende. G\u00e5 g\u00e4rna in p\u00e5 riksorganisationens sida och l\u00e4s v\u00e5rt partiprogram.<\/p>\n<p>Vi har en Facebook sida d\u00e4r vi diskuterar aktuella \u00e4mnen. Ni hittar dit genom att klicka p\u00e5 l\u00e4nken.&nbsp; <a href=\"https:\/\/www.facebook.com\/groups\/576620119426750\/\">https:\/\/www.facebook.com\/groups\/576620119426750\/<\/a><\/p>\n<p>V\u00e4lkomna!<\/p>\n<p><a href=\"https:\/\/arkiv.landsbygdspartiet.org\/ornskoldsvik\/wp-content\/uploads\/sites\/72\/2019\/03\/LPo\u00d6rnsk\u00f6ldsvik.jpg\"><br \/>\n<img loading=\"lazy\" class=\"aligncenter  wp-image-6\" src=\"https:\/\/arkiv.landsbygdspartiet.org\/ornskoldsvik\/wp-content\/uploads\/sites\/72\/2019\/03\/LPo\u00d6rnsk\u00f6ldsvik-300x80.jpg\" alt=\"\" width=\"394\" height=\"105\" srcset=\"https:\/\/arkiv.landsbygdspartiet.org\/ornskoldsvik\/wp-content\/uploads\/sites\/72\/2019\/03\/LPo\u00d6rnsk\u00f6ldsvik-300x80.jpg 300w, https:\/\/arkiv.landsbygdspartiet.org\/ornskoldsvik\/wp-content\/uploads\/sites\/72\/2019\/03\/LPo\u00d6rnsk\u00f6ldsvik-768x206.jpg 768w, https:\/\/arkiv.landsbygdspartiet.org\/ornskoldsvik\/wp-content\/uploads\/sites\/72\/2019\/03\/LPo\u00d6rnsk\u00f6ldsvik-1024x274.jpg 1024w, https:\/\/arkiv.landsbygdspartiet.org\/ornskoldsvik\/wp-content\/uploads\/sites\/72\/2019\/03\/LPo\u00d6rnsk\u00f6ldsvik.jpg 1831w\" sizes=\"(max-width: 394px) 100vw, 394px\" \/><\/a><\/p>\n","protected":false},"excerpt":{"rendered":"<p>V\u00e4lkommen till Landsbygdspartiet oberoende \u00d6rnsk\u00f6ldsviks hemsida! Lokalavdelningen startades upp 3 december 2018. F\u00f6reningen bildades f\u00f6r att landsbygdsfr\u00e5gorna \u00e4r h\u00f6gaktuella och att vi vill diskutera v\u00e5ra lokala levnadsvillkor som f\u00f6rs\u00e4mras i snabb takt. Det handlar om allt fr\u00e5n service d\u00e4r man <span class=\"excerpt-dots\">&hellip;<\/span> <a class=\"more-link\" href=\"https:\/\/arkiv.landsbygdspartiet.org\/ornskoldsvik\/\"><span class=\"more-msg\">L\u00e4s mer &rarr;<\/span><\/a><\/p>\n","protected":false},"author":32,"featured_media":0,"parent":0,"menu_order":0,"comment_status":"closed","ping_status":"closed","template":"","meta":[],"_links":{"self":[{"href":"https:\/\/arkiv.landsbygdspartiet.org\/ornskoldsvik\/wp-json\/wp\/v2\/pages\/8"}],"collection":[{"href":"https:\/\/arkiv.landsbygdspartiet.org\/ornskoldsvik\/wp-json\/wp\/v2\/pages"}],"about":[{"href":"https:\/\/arkiv.landsbygdspartiet.org\/ornskoldsvik\/wp-json\/wp\/v2\/types\/page"}],"author":[{"embeddable":true,"href":"https:\/\/arkiv.landsbygdspartiet.org\/ornskoldsvik\/wp-json\/wp\/v2\/users\/32"}],"replies":[{"embeddable":true,"href":"https:\/\/arkiv.landsbygdspartiet.org\/ornskoldsvik\/wp-json\/wp\/v2\/comments?post=8"}],"version-history":[{"count":7,"href":"https:\/\/arkiv.landsbygdspartiet.org\/ornskoldsvik\/wp-json\/wp\/v2\/pages\/8\/revisions"}],"predecessor-version":[{"id":138,"href":"https:\/\/arkiv.landsbygdspartiet.org\/ornskoldsvik\/wp-json\/wp\/v2\/pages\/8\/revisions\/138"}],"wp:attachment":[{"href":"https:\/\/arkiv.landsbygdspartiet.org\/ornskoldsvik\/wp-json\/wp\/v2\/media?parent=8"}],"curies":[{"name":"wp","href":"https:\/\/api.w.org\/{rel}","templated":true}]}}

<p>Välkommen till Landsbygdspartiet oberoende Örnsköldsviks hemsida! Lokalavdelningen startades upp 3 december 2018. Föreningen bildades för att landsbygdsfrågorna är högaktuella och att vi vill diskutera våra lokala levnadsvillkor som försämras i snabb takt. Det handlar om allt från service där man valt att bo, miljö, jobb, naturvärden, markäganderätt, vindkraft, vatten mm. Är du intresserad av landsbygdsfrågor är ni välkomna som medlemmar i Landsbygdspartiet oberoende. Gå gärna in på riksorganisationens sida och läs vårt partiprogram.</p>
<p>Vi har en Facebook sida där vi diskuterar aktuella ämnen. Ni hittar dit genom att klicka på länken.&nbsp; <a href="https://www.facebook.com/groups/576620119426750/">https://www.facebook.com/groups/576620119426750/</a></p>
<p>Välkomna!</p>
<p><a href="https://arkiv.landsbygdspartiet.org/ornskoldsvik/wp-content/uploads/sites/72/2019/03/LPoÖrnsköldsvik.jpg"><br />
<img loading="lazy" class="aligncenter  wp-image-6" src="https://arkiv.landsbygdspartiet.org/ornskoldsvik/wp-content/uploads/sites/72/2019/03/LPoÖrnsköldsvik-300x80.jpg" alt="" width="394" height="105" srcset="https://arkiv.landsbygdspartiet.org/ornskoldsvik/wp-content/uploads/sites/72/2019/03/LPoÖrnsköldsvik-300x80.jpg 300w, https://arkiv.landsbygdspartiet.org/ornskoldsvik/wp-content/uploads/sites/72/2019/03/LPoÖrnsköldsvik-768x206.jpg 768w, https://arkiv.landsbygdspartiet.org/ornskoldsvik/wp-content/uploads/sites/72/2019/03/LPoÖrnsköldsvik-1024x274.jpg 1024w, https://arkiv.landsbygdspartiet.org/ornskoldsvik/wp-content/uploads/sites/72/2019/03/LPoÖrnsköldsvik.jpg 1831w" sizes="(max-width: 394px) 100vw, 394px" /></a></p>

<p>Välkommen till Landsbygdspartiet oberoende Örnsköldsviks hemsida! Lokalavdelningen startades upp 3 december 2018. Föreningen bildades för att landsbygdsfrågorna är högaktuella och att vi vill diskutera våra lokala levnadsvillkor som försämras i snabb takt. Det handlar om allt från service där man <span class="excerpt-dots">&hellip;</span> <a class="more-link" href="https://arkiv.landsbygdspartiet.org/ornskoldsvik/"><span class="more-msg">Läs mer &rarr;</span></a></p>
