{"id":107,"date":"2020-01-23T18:46:43","date_gmt":"2020-01-23T17:46:43","guid":{"rendered":"https:\/\/landsbygdspartiet.org\/ornskoldsvik\/?post_type=tribe_events&#038;p=107"},"modified":"2020-01-23T19:04:57","modified_gmt":"2020-01-23T18:04:57","slug":"arsmote-lpo-ornskoldsvik","status":"publish","type":"tribe_events","link":"https:\/\/arkiv.landsbygdspartiet.org\/ornskoldsvik\/event\/arsmote-lpo-ornskoldsvik\/","title":{"rendered":"\u00c5rsm\u00f6te LPo \u00d6rnsk\u00f6ldsvik"},"content":{"rendered":"<p>Vi v\u00e4lkomnar alla medlemmar och blivande medlemmar i LPo till v\u00e5rt \u00e5rsm\u00f6te i Grindn\u00e4set 17 februari kl 19.00. Alla intresserade \u00e4r varmt v\u00e4lkomna p\u00e5 m\u00f6tet f\u00f6r att diskutera om hur vi ska lyckas v\u00e4xa i v\u00e5r kommun. Ta med grannar, sl\u00e4kt och v\u00e4nner som \u00e4r intresserade av Landsbygdspartiet oberoende. Nedan \u00e4r en l\u00e4nk till kallelsen med dagordningen.<\/p>\n<p><a href=\"https:\/\/arkiv.landsbygdspartiet.org\/ornskoldsvik\/wp-content\/uploads\/sites\/72\/2020\/01\/Kallelse-a\u030arsmo\u0308te2020.pdf\">Kallelse-a\u030arsmo\u0308te2020<\/a><\/p>\n<p>V\u00e4l m\u00f6tt!<\/p>\n<p>\/Styrelsen<\/p>\n<p>&nbsp;<\/p>\n","protected":false},"excerpt":{"rendered":"<p>Vi v\u00e4lkomnar alla medlemmar och blivande medlemmar i LPo till v\u00e5rt \u00e5rsm\u00f6te i Grindn\u00e4set 17 februari kl 19.00. Alla intresserade \u00e4r varmt v\u00e4lkomna p\u00e5 m\u00f6tet f\u00f6r att diskutera om hur vi ska lyckas v\u00e4xa i v\u00e5r kommun. Ta med grannar, <span class=\"excerpt-dots\">&hellip;<\/span> <a class=\"more-link\" href=\"https:\/\/arkiv.landsbygdspartiet.org\/ornskoldsvik\/event\/arsmote-lpo-ornskoldsvik\/\"><span class=\"more-msg\">L\u00e4s mer &rarr;<\/span><\/a><\/p>\n","protected":false},"author":32,"featured_media":6,"comment_status":"closed","ping_status":"closed","template":"","meta":[],"tags":[],"tribe_events_cat":[],"_links":{"self":[{"href":"https:\/\/arkiv.landsbygdspartiet.org\/ornskoldsvik\/wp-json\/wp\/v2\/tribe_events\/107"}],"collection":[{"href":"https:\/\/arkiv.landsbygdspartiet.org\/ornskoldsvik\/wp-json\/wp\/v2\/tribe_events"}],"about":[{"href":"https:\/\/arkiv.landsbygdspartiet.org\/ornskoldsvik\/wp-json\/wp\/v2\/types\/tribe_events"}],"author":[{"embeddable":true,"href":"https:\/\/arkiv.landsbygdspartiet.org\/ornskoldsvik\/wp-json\/wp\/v2\/users\/32"}],"replies":[{"embeddable":true,"href":"https:\/\/arkiv.landsbygdspartiet.org\/ornskoldsvik\/wp-json\/wp\/v2\/comments?post=107"}],"version-history":[{"count":7,"href":"https:\/\/arkiv.landsbygdspartiet.org\/ornskoldsvik\/wp-json\/wp\/v2\/tribe_events\/107\/revisions"}],"predecessor-version":[{"id":123,"href":"https:\/\/arkiv.landsbygdspartiet.org\/ornskoldsvik\/wp-json\/wp\/v2\/tribe_events\/107\/revisions\/123"}],"wp:featuredmedia":[{"embeddable":true,"href":"https:\/\/arkiv.landsbygdspartiet.org\/ornskoldsvik\/wp-json\/wp\/v2\/media\/6"}],"wp:attachment":[{"href":"https:\/\/arkiv.landsbygdspartiet.org\/ornskoldsvik\/wp-json\/wp\/v2\/media?parent=107"}],"wp:term":[{"taxonomy":"post_tag","embeddable":true,"href":"https:\/\/arkiv.landsbygdspartiet.org\/ornskoldsvik\/wp-json\/wp\/v2\/tags?post=107"},{"taxonomy":"tribe_events_cat","embeddable":true,"href":"https:\/\/arkiv.landsbygdspartiet.org\/ornskoldsvik\/wp-json\/wp\/v2\/tribe_events_cat?post=107"}],"curies":[{"name":"wp","href":"https:\/\/api.w.org\/{rel}","templated":true}]}}

Årsmöte LPo Örnsköldsvik

<p>Vi välkomnar alla medlemmar och blivande medlemmar i LPo till vårt årsmöte i Grindnäset 17 februari kl 19.00. Alla intresserade är varmt välkomna på mötet för att diskutera om hur vi ska lyckas växa i vår kommun. Ta med grannar, släkt och vänner som är intresserade av Landsbygdspartiet oberoende. Nedan är en länk till kallelsen med dagordningen.</p>
<p><a href="https://arkiv.landsbygdspartiet.org/ornskoldsvik/wp-content/uploads/sites/72/2020/01/Kallelse-årsmöte2020.pdf">Kallelse-årsmöte2020</a></p>
<p>Väl mött!</p>
<p>/Styrelsen</p>
<p>&nbsp;</p>

<p>Vi välkomnar alla medlemmar och blivande medlemmar i LPo till vårt årsmöte i Grindnäset 17 februari kl 19.00. Alla intresserade är varmt välkomna på mötet för att diskutera om hur vi ska lyckas växa i vår kommun. Ta med grannar, <span class="excerpt-dots">&hellip;</span> <a class="more-link" href="https://arkiv.landsbygdspartiet.org/ornskoldsvik/event/arsmote-lpo-ornskoldsvik/"><span class="more-msg">Läs mer &rarr;</span></a></p>
