{"id":69,"date":"2019-05-05T19:54:14","date_gmt":"2019-05-05T17:54:14","guid":{"rendered":"https:\/\/landsbygdspartiet.org\/ornskoldsvik\/?post_type=tribe_events&#038;p=69"},"modified":"2019-05-05T19:54:14","modified_gmt":"2019-05-05T17:54:14","slug":"medlemsmote-landsbygdspartiet-oberoende-ornskoldsvik","status":"publish","type":"tribe_events","link":"https:\/\/arkiv.landsbygdspartiet.org\/ornskoldsvik\/event\/medlemsmote-landsbygdspartiet-oberoende-ornskoldsvik\/","title":{"rendered":"Medlemsm\u00f6te Landsbygdspartiet oberoende \u00d6rnsk\u00f6ldsvik"},"content":{"rendered":"<p><img loading=\"lazy\" src=\"https:\/\/arkiv.landsbygdspartiet.org\/ornskoldsvik\/wp-content\/uploads\/sites\/72\/2019\/03\/LPo\u00d6rnsk\u00f6ldsvik-300x80.jpg\" alt=\"\" width=\"300\" height=\"80\" class=\"alignnone size-medium wp-image-6\" srcset=\"https:\/\/arkiv.landsbygdspartiet.org\/ornskoldsvik\/wp-content\/uploads\/sites\/72\/2019\/03\/LPo\u00d6rnsk\u00f6ldsvik-300x80.jpg 300w, https:\/\/arkiv.landsbygdspartiet.org\/ornskoldsvik\/wp-content\/uploads\/sites\/72\/2019\/03\/LPo\u00d6rnsk\u00f6ldsvik-768x206.jpg 768w, https:\/\/arkiv.landsbygdspartiet.org\/ornskoldsvik\/wp-content\/uploads\/sites\/72\/2019\/03\/LPo\u00d6rnsk\u00f6ldsvik-1024x274.jpg 1024w, https:\/\/arkiv.landsbygdspartiet.org\/ornskoldsvik\/wp-content\/uploads\/sites\/72\/2019\/03\/LPo\u00d6rnsk\u00f6ldsvik.jpg 1831w\" sizes=\"(max-width: 300px) 100vw, 300px\" \/><\/p>\n<p>Inbjudan till medlemsm\u00f6te <\/p>\n<p>B\u00e5de nya och gamla medlemmar \u00e4r v\u00e4lkomna. Ta med grannen och andra intresserade av landsbygdspolitik. <\/p>\n<p>N\u00e4r: 20 Maj<br \/>\nTid: 19.00<\/p>\n<p>Plats: Skorpeds Bygdeg\u00e5rd. <\/p>\n<p>V\u00e4lkommen p\u00e5 LPo \u00d6rnsk\u00f6ldsviks f\u00f6rsta medlemsm\u00f6te. Kom och m\u00f6t v\u00e5r inspirat\u00f6r och nya partiledare Stefan Torssell fr\u00e5n Gamleby.<br \/>\nStefan st\u00e5r som nr 2 i Landsbygdspartiets oberoendes lista som st\u00e4ller upp i EU-val f\u00f6r uttr\u00e4de ur EU.<br \/>\nStefan \u00e4r en samh\u00e4llskritiker som skrivit flera b\u00f6cker bland annat om Estonias f\u00f6rlisning.  Kom p\u00e5 en inspirerande och sp\u00e4nnande kv\u00e4ll som ber\u00f6r alla som bor p\u00e5 landsbygden och v\u00e5ra f\u00f6ruts\u00e4ttningar att leva d\u00e4r vi valt att bo.<\/p>\n<p>Anm\u00e4lan senast 2019-05-16 till Ulla Carnemyr mob. 073-8311700 eller per mail ornskoldsvik@landsbygdspartiet.org<br \/>\n<div id=\"attachment_73\" style=\"width: 310px\" class=\"wp-caption alignnone\"><img aria-describedby=\"caption-attachment-73\" loading=\"lazy\" src=\"https:\/\/arkiv.landsbygdspartiet.org\/ornskoldsvik\/wp-content\/uploads\/sites\/72\/2019\/05\/10560300_1515280792020617_5292437474220093714_o-300x200.jpg\" alt=\"\" width=\"300\" height=\"200\" class=\"size-medium wp-image-73\" srcset=\"https:\/\/arkiv.landsbygdspartiet.org\/ornskoldsvik\/wp-content\/uploads\/sites\/72\/2019\/05\/10560300_1515280792020617_5292437474220093714_o-300x200.jpg 300w, https:\/\/arkiv.landsbygdspartiet.org\/ornskoldsvik\/wp-content\/uploads\/sites\/72\/2019\/05\/10560300_1515280792020617_5292437474220093714_o-768x512.jpg 768w, https:\/\/arkiv.landsbygdspartiet.org\/ornskoldsvik\/wp-content\/uploads\/sites\/72\/2019\/05\/10560300_1515280792020617_5292437474220093714_o-1024x683.jpg 1024w, https:\/\/arkiv.landsbygdspartiet.org\/ornskoldsvik\/wp-content\/uploads\/sites\/72\/2019\/05\/10560300_1515280792020617_5292437474220093714_o.jpg 2048w\" sizes=\"(max-width: 300px) 100vw, 300px\" \/><p id=\"caption-attachment-73\" class=\"wp-caption-text\">Stefan Torssell, ordf\u00f6rande Landsbygdspartiet oberoende.<\/p><\/div><\/p>\n","protected":false},"excerpt":{"rendered":"<p>Inbjudan till medlemsm\u00f6te B\u00e5de nya och gamla medlemmar \u00e4r v\u00e4lkomna. Ta med grannen och andra intresserade av landsbygdspolitik. N\u00e4r: 20 Maj Tid: 19.00 Plats: Skorpeds Bygdeg\u00e5rd. V\u00e4lkommen p\u00e5 LPo \u00d6rnsk\u00f6ldsviks f\u00f6rsta medlemsm\u00f6te. Kom och m\u00f6t v\u00e5r inspirat\u00f6r och nya partiledare <span class=\"excerpt-dots\">&hellip;<\/span> <a class=\"more-link\" href=\"https:\/\/arkiv.landsbygdspartiet.org\/ornskoldsvik\/event\/medlemsmote-landsbygdspartiet-oberoende-ornskoldsvik\/\"><span class=\"more-msg\">L\u00e4s mer &rarr;<\/span><\/a><\/p>\n","protected":false},"author":32,"featured_media":0,"comment_status":"closed","ping_status":"closed","template":"","meta":[],"tags":[],"tribe_events_cat":[],"_links":{"self":[{"href":"https:\/\/arkiv.landsbygdspartiet.org\/ornskoldsvik\/wp-json\/wp\/v2\/tribe_events\/69"}],"collection":[{"href":"https:\/\/arkiv.landsbygdspartiet.org\/ornskoldsvik\/wp-json\/wp\/v2\/tribe_events"}],"about":[{"href":"https:\/\/arkiv.landsbygdspartiet.org\/ornskoldsvik\/wp-json\/wp\/v2\/types\/tribe_events"}],"author":[{"embeddable":true,"href":"https:\/\/arkiv.landsbygdspartiet.org\/ornskoldsvik\/wp-json\/wp\/v2\/users\/32"}],"replies":[{"embeddable":true,"href":"https:\/\/arkiv.landsbygdspartiet.org\/ornskoldsvik\/wp-json\/wp\/v2\/comments?post=69"}],"version-history":[{"count":7,"href":"https:\/\/arkiv.landsbygdspartiet.org\/ornskoldsvik\/wp-json\/wp\/v2\/tribe_events\/69\/revisions"}],"predecessor-version":[{"id":79,"href":"https:\/\/arkiv.landsbygdspartiet.org\/ornskoldsvik\/wp-json\/wp\/v2\/tribe_events\/69\/revisions\/79"}],"wp:attachment":[{"href":"https:\/\/arkiv.landsbygdspartiet.org\/ornskoldsvik\/wp-json\/wp\/v2\/media?parent=69"}],"wp:term":[{"taxonomy":"post_tag","embeddable":true,"href":"https:\/\/arkiv.landsbygdspartiet.org\/ornskoldsvik\/wp-json\/wp\/v2\/tags?post=69"},{"taxonomy":"tribe_events_cat","embeddable":true,"href":"https:\/\/arkiv.landsbygdspartiet.org\/ornskoldsvik\/wp-json\/wp\/v2\/tribe_events_cat?post=69"}],"curies":[{"name":"wp","href":"https:\/\/api.w.org\/{rel}","templated":true}]}}

Medlemsmöte Landsbygdspartiet oberoende Örnsköldsvik

<p><img loading="lazy" src="https://arkiv.landsbygdspartiet.org/ornskoldsvik/wp-content/uploads/sites/72/2019/03/LPoÖrnsköldsvik-300x80.jpg" alt="" width="300" height="80" class="alignnone size-medium wp-image-6" srcset="https://arkiv.landsbygdspartiet.org/ornskoldsvik/wp-content/uploads/sites/72/2019/03/LPoÖrnsköldsvik-300x80.jpg 300w, https://arkiv.landsbygdspartiet.org/ornskoldsvik/wp-content/uploads/sites/72/2019/03/LPoÖrnsköldsvik-768x206.jpg 768w, https://arkiv.landsbygdspartiet.org/ornskoldsvik/wp-content/uploads/sites/72/2019/03/LPoÖrnsköldsvik-1024x274.jpg 1024w, https://arkiv.landsbygdspartiet.org/ornskoldsvik/wp-content/uploads/sites/72/2019/03/LPoÖrnsköldsvik.jpg 1831w" sizes="(max-width: 300px) 100vw, 300px" /></p>
<p>Inbjudan till medlemsmöte </p>
<p>Både nya och gamla medlemmar är välkomna. Ta med grannen och andra intresserade av landsbygdspolitik. </p>
<p>När: 20 Maj<br />
Tid: 19.00</p>
<p>Plats: Skorpeds Bygdegård. </p>
<p>Välkommen på LPo Örnsköldsviks första medlemsmöte. Kom och möt vår inspiratör och nya partiledare Stefan Torssell från Gamleby.<br />
Stefan står som nr 2 i Landsbygdspartiets oberoendes lista som ställer upp i EU-val för utträde ur EU.<br />
Stefan är en samhällskritiker som skrivit flera böcker bland annat om Estonias förlisning.  Kom på en inspirerande och spännande kväll som berör alla som bor på landsbygden och våra förutsättningar att leva där vi valt att bo.</p>
<p>Anmälan senast 2019-05-16 till Ulla Carnemyr mob. 073-8311700 eller per mail ornskoldsvik@landsbygdspartiet.org<br />
<div id="attachment_73" style="width: 310px" class="wp-caption alignnone"><img aria-describedby="caption-attachment-73" loading="lazy" src="https://arkiv.landsbygdspartiet.org/ornskoldsvik/wp-content/uploads/sites/72/2019/05/10560300_1515280792020617_5292437474220093714_o-300x200.jpg" alt="" width="300" height="200" class="size-medium wp-image-73" srcset="https://arkiv.landsbygdspartiet.org/ornskoldsvik/wp-content/uploads/sites/72/2019/05/10560300_1515280792020617_5292437474220093714_o-300x200.jpg 300w, https://arkiv.landsbygdspartiet.org/ornskoldsvik/wp-content/uploads/sites/72/2019/05/10560300_1515280792020617_5292437474220093714_o-768x512.jpg 768w, https://arkiv.landsbygdspartiet.org/ornskoldsvik/wp-content/uploads/sites/72/2019/05/10560300_1515280792020617_5292437474220093714_o-1024x683.jpg 1024w, https://arkiv.landsbygdspartiet.org/ornskoldsvik/wp-content/uploads/sites/72/2019/05/10560300_1515280792020617_5292437474220093714_o.jpg 2048w" sizes="(max-width: 300px) 100vw, 300px" /><p id="caption-attachment-73" class="wp-caption-text">Stefan Torssell, ordförande Landsbygdspartiet oberoende.</p></div></p>

<p>Inbjudan till medlemsmöte Både nya och gamla medlemmar är välkomna. Ta med grannen och andra intresserade av landsbygdspolitik. När: 20 Maj Tid: 19.00 Plats: Skorpeds Bygdegård. Välkommen på LPo Örnsköldsviks första medlemsmöte. Kom och möt vår inspiratör och nya partiledare <span class="excerpt-dots">&hellip;</span> <a class="more-link" href="https://arkiv.landsbygdspartiet.org/ornskoldsvik/event/medlemsmote-landsbygdspartiet-oberoende-ornskoldsvik/"><span class="more-msg">Läs mer &rarr;</span></a></p>
