{"id":26,"date":"2016-05-18T13:20:07","date_gmt":"2016-05-18T11:20:07","guid":{"rendered":"https:\/\/landsbygdspartiet.org\/osthammar\/?page_id=26"},"modified":"2016-05-18T13:20:07","modified_gmt":"2016-05-18T11:20:07","slug":"exponering-i-media","status":"publish","type":"page","link":"https:\/\/arkiv.landsbygdspartiet.org\/osthammar\/exponering-i-media\/","title":{"rendered":"Exponering i media"},"content":{"rendered":"<h2>Exponering i media<\/h2>\n<p>V\u00e5r lokalf\u00f6rening har varit synlig fr\u00e4mst i den lokala pressen med ett antal debattartiklar:<\/p>\n<p>Reaktionerna p\u00e5 f\u00f6rslaget om att st\u00e4nga Alunda v\u00e5rdcentral\u00a0 <a href=\"https:\/\/arkiv.landsbygdspartiet.org\/uppsala\/2016\/01\/19\/arsmote-2016\/\" target=\"_blank\">(UNT 2016-05-17)<\/a><\/p>\n","protected":false},"excerpt":{"rendered":"<p>Exponering i media V\u00e5r lokalf\u00f6rening har varit synlig fr\u00e4mst i den lokala pressen med ett antal debattartiklar: Reaktionerna p\u00e5 f\u00f6rslaget om att st\u00e4nga Alunda v\u00e5rdcentral\u00a0 (UNT 2016-05-17)<\/p>\n <a class=\"more-link\" href=\"https:\/\/arkiv.landsbygdspartiet.org\/osthammar\/exponering-i-media\/\"><span class=\"more-msg\">L\u00e4s mer &rarr;<\/span><\/a>","protected":false},"author":14,"featured_media":0,"parent":0,"menu_order":0,"comment_status":"closed","ping_status":"closed","template":"","meta":[],"_links":{"self":[{"href":"https:\/\/arkiv.landsbygdspartiet.org\/osthammar\/wp-json\/wp\/v2\/pages\/26"}],"collection":[{"href":"https:\/\/arkiv.landsbygdspartiet.org\/osthammar\/wp-json\/wp\/v2\/pages"}],"about":[{"href":"https:\/\/arkiv.landsbygdspartiet.org\/osthammar\/wp-json\/wp\/v2\/types\/page"}],"author":[{"embeddable":true,"href":"https:\/\/arkiv.landsbygdspartiet.org\/osthammar\/wp-json\/wp\/v2\/users\/14"}],"replies":[{"embeddable":true,"href":"https:\/\/arkiv.landsbygdspartiet.org\/osthammar\/wp-json\/wp\/v2\/comments?post=26"}],"version-history":[{"count":1,"href":"https:\/\/arkiv.landsbygdspartiet.org\/osthammar\/wp-json\/wp\/v2\/pages\/26\/revisions"}],"predecessor-version":[{"id":27,"href":"https:\/\/arkiv.landsbygdspartiet.org\/osthammar\/wp-json\/wp\/v2\/pages\/26\/revisions\/27"}],"wp:attachment":[{"href":"https:\/\/arkiv.landsbygdspartiet.org\/osthammar\/wp-json\/wp\/v2\/media?parent=26"}],"curies":[{"name":"wp","href":"https:\/\/api.w.org\/{rel}","templated":true}]}}

<h2>Exponering i media</h2>
<p>Vår lokalförening har varit synlig främst i den lokala pressen med ett antal debattartiklar:</p>
<p>Reaktionerna på förslaget om att stänga Alunda vårdcentral  <a href="https://arkiv.landsbygdspartiet.org/uppsala/2016/01/19/arsmote-2016/" target="_blank">(UNT 2016-05-17)</a></p>

<p>Exponering i media Vår lokalförening har varit synlig främst i den lokala pressen med ett antal debattartiklar: Reaktionerna på förslaget om att stänga Alunda vårdcentral  (UNT 2016-05-17)</p>
 <a class="more-link" href="https://arkiv.landsbygdspartiet.org/osthammar/exponering-i-media/"><span class="more-msg">Läs mer &rarr;</span></a>
