{"id":8,"date":"2016-10-27T21:17:33","date_gmt":"2016-10-27T19:17:33","guid":{"rendered":"https:\/\/landsbygdspartiet.org\/varmland\/?page_id=8"},"modified":"2017-02-20T10:11:58","modified_gmt":"2017-02-20T09:11:58","slug":"kontakt","status":"publish","type":"page","link":"https:\/\/arkiv.landsbygdspartiet.org\/varmland\/kontakt\/","title":{"rendered":"Kontakt"},"content":{"rendered":"<p>Kontakta Landsbygdspartiet oberoende V\u00e4rmlands l\u00e4nsf\u00f6rbund via v\u00e5r ordf\u00f6rande:<\/p>\n<p>Helene Stensby, Mangskog, 070-2458839, <a href=\"mailto:varmland@landsbygdspartiet.org\">varmland@landsbygdspartiet.org<\/a><\/p>\n<p>&nbsp;<\/p>\n<p><!--- Lotta Onnerfelt, Hammar\u00f6, 070-4227318, <a href=\"mailto:lotta.onnerfelt@spray.se\">lotta.onnerfelt@spray.se<\/a> ---><\/p>\n<p>&nbsp;<\/p>\n","protected":false},"excerpt":{"rendered":"<p>Kontakta Landsbygdspartiet oberoende V\u00e4rmlands l\u00e4nsf\u00f6rbund via v\u00e5r ordf\u00f6rande: Helene Stensby, Mangskog, 070-2458839, varmland@landsbygdspartiet.org &nbsp; &nbsp;<\/p>\n <a class=\"more-link\" href=\"https:\/\/arkiv.landsbygdspartiet.org\/varmland\/kontakt\/\"><span class=\"more-msg\">L\u00e4s mer &rarr;<\/span><\/a>","protected":false},"author":14,"featured_media":0,"parent":0,"menu_order":0,"comment_status":"closed","ping_status":"closed","template":"","meta":[],"_links":{"self":[{"href":"https:\/\/arkiv.landsbygdspartiet.org\/varmland\/wp-json\/wp\/v2\/pages\/8"}],"collection":[{"href":"https:\/\/arkiv.landsbygdspartiet.org\/varmland\/wp-json\/wp\/v2\/pages"}],"about":[{"href":"https:\/\/arkiv.landsbygdspartiet.org\/varmland\/wp-json\/wp\/v2\/types\/page"}],"author":[{"embeddable":true,"href":"https:\/\/arkiv.landsbygdspartiet.org\/varmland\/wp-json\/wp\/v2\/users\/14"}],"replies":[{"embeddable":true,"href":"https:\/\/arkiv.landsbygdspartiet.org\/varmland\/wp-json\/wp\/v2\/comments?post=8"}],"version-history":[{"count":7,"href":"https:\/\/arkiv.landsbygdspartiet.org\/varmland\/wp-json\/wp\/v2\/pages\/8\/revisions"}],"predecessor-version":[{"id":41,"href":"https:\/\/arkiv.landsbygdspartiet.org\/varmland\/wp-json\/wp\/v2\/pages\/8\/revisions\/41"}],"wp:attachment":[{"href":"https:\/\/arkiv.landsbygdspartiet.org\/varmland\/wp-json\/wp\/v2\/media?parent=8"}],"curies":[{"name":"wp","href":"https:\/\/api.w.org\/{rel}","templated":true}]}}

<p>Kontakta Landsbygdspartiet oberoende Värmlands länsförbund via vår ordförande:</p>
<p>Helene Stensby, Mangskog, 070-2458839, <a href="mailto:varmland@landsbygdspartiet.org">varmland@landsbygdspartiet.org</a></p>
<p>&nbsp;</p>
<p><!--- Lotta Onnerfelt, Hammarö, 070-4227318, <a href="mailto:lotta.onnerfelt@spray.se">lotta.onnerfelt@spray.se</a> ---></p>
<p>&nbsp;</p>

<p>Kontakta Landsbygdspartiet oberoende Värmlands länsförbund via vår ordförande: Helene Stensby, Mangskog, 070-2458839, varmland@landsbygdspartiet.org &nbsp; &nbsp;</p>
 <a class="more-link" href="https://arkiv.landsbygdspartiet.org/varmland/kontakt/"><span class="more-msg">Läs mer &rarr;</span></a>
