{"id":11,"date":"2016-11-30T20:45:40","date_gmt":"2016-11-30T19:45:40","guid":{"rendered":"https:\/\/landsbygdspartiet.org\/vasternorrland\/?page_id=11"},"modified":"2019-08-21T23:47:28","modified_gmt":"2019-08-21T21:47:28","slug":"styrelse","status":"publish","type":"page","link":"https:\/\/arkiv.landsbygdspartiet.org\/vasternorrland\/styrelse\/","title":{"rendered":"Styrelse"},"content":{"rendered":"<p style=\"text-align: center;\"><span style=\"font-size: 12pt;\"><strong>Styrelsen f\u00f6r Landsbygdspartiet oberoende, V\u00e4sternorrlands L\u00e4n.<br>\n<\/strong><strong>2019-03-10<\/strong><\/span><\/p>\n<p><strong>Ordf\u00f6rande:<br>\n<\/strong>Anders W\u00e4stfelt, Liden<\/p>\n<p><strong>Sekreterare:<br>\n<\/strong> Camilla Johansson, H\u00e4rn\u00f6sand&nbsp; tv\u00e5 (2) \u00e5r<\/p>\n<p><strong>Ledamot:<br>\n<\/strong>Arne Forsell, Njurunda&nbsp; ett (1) \u00e5r<br>\nChrister Sandin, \u00c5nge&nbsp; tv\u00e5 (2) \u00e5r<br>\nPer-Olof Tejbo, H\u00e4rn\u00f6sand&nbsp; tv\u00e5 (2) \u00e5r<br>\nJohan B\u00f6rje Falk, Torpshammar &nbsp; ett (1) \u00e5r<\/p>\n<p><strong>Suppleant:<br>\n<\/strong>Marianne Forsell, &nbsp;Njurunda&nbsp; ett (1) \u00e5r<\/p>\n<p>Du n\u00e5r oss via&nbsp; <a href=\"mailto:vasternorrland@landsbygdspartiet.org\">vasternorrland@landsbygdspartiet.org<\/a><\/p>\n\n\n<figure class=\"wp-block-image\"><a href=\"https:\/\/arkiv.landsbygdspartiet.org\/vasternorrland\/wp-content\/uploads\/sites\/43\/2019\/08\/2019-LPoV-bilder-pa\u030a-STYRELSEN-2019.jpg\"><img loading=\"lazy\" width=\"539\" height=\"762\" src=\"https:\/\/arkiv.landsbygdspartiet.org\/vasternorrland\/wp-content\/uploads\/sites\/43\/2019\/08\/2019-LPoV-bilder-pa\u030a-STYRELSEN-2019.jpg\" alt=\"\" class=\"wp-image-66\" srcset=\"https:\/\/arkiv.landsbygdspartiet.org\/vasternorrland\/wp-content\/uploads\/sites\/43\/2019\/08\/2019-LPoV-bilder-pa\u030a-STYRELSEN-2019.jpg 539w, https:\/\/arkiv.landsbygdspartiet.org\/vasternorrland\/wp-content\/uploads\/sites\/43\/2019\/08\/2019-LPoV-bilder-pa\u030a-STYRELSEN-2019-212x300.jpg 212w\" sizes=\"(max-width: 539px) 100vw, 539px\" \/><\/a><\/figure>\n","protected":false},"excerpt":{"rendered":"<p>Styrelsen f\u00f6r Landsbygdspartiet oberoende, V\u00e4sternorrlands L\u00e4n. 2019-03-10 Ordf\u00f6rande: Anders W\u00e4stfelt, Liden Sekreterare: Camilla Johansson, H\u00e4rn\u00f6sand&nbsp; tv\u00e5 (2) \u00e5r Ledamot: Arne Forsell, Njurunda&nbsp; ett (1) \u00e5r Christer Sandin, \u00c5nge&nbsp; tv\u00e5 (2) \u00e5r Per-Olof Tejbo, H\u00e4rn\u00f6sand&nbsp; tv\u00e5 (2) \u00e5r Johan B\u00f6rje Falk, <span class=\"excerpt-dots\">&hellip;<\/span> <a class=\"more-link\" href=\"https:\/\/arkiv.landsbygdspartiet.org\/vasternorrland\/styrelse\/\"><span class=\"more-msg\">L\u00e4s mer &rarr;<\/span><\/a><\/p>\n","protected":false},"author":14,"featured_media":0,"parent":0,"menu_order":0,"comment_status":"closed","ping_status":"closed","template":"","meta":[],"_links":{"self":[{"href":"https:\/\/arkiv.landsbygdspartiet.org\/vasternorrland\/wp-json\/wp\/v2\/pages\/11"}],"collection":[{"href":"https:\/\/arkiv.landsbygdspartiet.org\/vasternorrland\/wp-json\/wp\/v2\/pages"}],"about":[{"href":"https:\/\/arkiv.landsbygdspartiet.org\/vasternorrland\/wp-json\/wp\/v2\/types\/page"}],"author":[{"embeddable":true,"href":"https:\/\/arkiv.landsbygdspartiet.org\/vasternorrland\/wp-json\/wp\/v2\/users\/14"}],"replies":[{"embeddable":true,"href":"https:\/\/arkiv.landsbygdspartiet.org\/vasternorrland\/wp-json\/wp\/v2\/comments?post=11"}],"version-history":[{"count":13,"href":"https:\/\/arkiv.landsbygdspartiet.org\/vasternorrland\/wp-json\/wp\/v2\/pages\/11\/revisions"}],"predecessor-version":[{"id":67,"href":"https:\/\/arkiv.landsbygdspartiet.org\/vasternorrland\/wp-json\/wp\/v2\/pages\/11\/revisions\/67"}],"wp:attachment":[{"href":"https:\/\/arkiv.landsbygdspartiet.org\/vasternorrland\/wp-json\/wp\/v2\/media?parent=11"}],"curies":[{"name":"wp","href":"https:\/\/api.w.org\/{rel}","templated":true}]}}

<p style="text-align: center;"><span style="font-size: 12pt;"><strong>Styrelsen för Landsbygdspartiet oberoende, Västernorrlands Län.<br>
</strong><strong>2019-03-10</strong></span></p>
<p><strong>Ordförande:<br>
</strong>Anders Wästfelt, Liden</p>
<p><strong>Sekreterare:<br>
</strong> Camilla Johansson, Härnösand&nbsp; två (2) år</p>
<p><strong>Ledamot:<br>
</strong>Arne Forsell, Njurunda&nbsp; ett (1) år<br>
Christer Sandin, Ånge&nbsp; två (2) år<br>
Per-Olof Tejbo, Härnösand&nbsp; två (2) år<br>
Johan Börje Falk, Torpshammar &nbsp; ett (1) år</p>
<p><strong>Suppleant:<br>
</strong>Marianne Forsell, &nbsp;Njurunda&nbsp; ett (1) år</p>
<p>Du når oss via&nbsp; <a href="mailto:vasternorrland@landsbygdspartiet.org">vasternorrland@landsbygdspartiet.org</a></p>


<figure class="wp-block-image"><a href="https://arkiv.landsbygdspartiet.org/vasternorrland/wp-content/uploads/sites/43/2019/08/2019-LPoV-bilder-på-STYRELSEN-2019.jpg"><img loading="lazy" width="539" height="762" src="https://arkiv.landsbygdspartiet.org/vasternorrland/wp-content/uploads/sites/43/2019/08/2019-LPoV-bilder-på-STYRELSEN-2019.jpg" alt="" class="wp-image-66" srcset="https://arkiv.landsbygdspartiet.org/vasternorrland/wp-content/uploads/sites/43/2019/08/2019-LPoV-bilder-på-STYRELSEN-2019.jpg 539w, https://arkiv.landsbygdspartiet.org/vasternorrland/wp-content/uploads/sites/43/2019/08/2019-LPoV-bilder-på-STYRELSEN-2019-212x300.jpg 212w" sizes="(max-width: 539px) 100vw, 539px" /></a></figure>

<p>Styrelsen för Landsbygdspartiet oberoende, Västernorrlands Län. 2019-03-10 Ordförande: Anders Wästfelt, Liden Sekreterare: Camilla Johansson, Härnösand&nbsp; två (2) år Ledamot: Arne Forsell, Njurunda&nbsp; ett (1) år Christer Sandin, Ånge&nbsp; två (2) år Per-Olof Tejbo, Härnösand&nbsp; två (2) år Johan Börje Falk, <span class="excerpt-dots">&hellip;</span> <a class="more-link" href="https://arkiv.landsbygdspartiet.org/vasternorrland/styrelse/"><span class="more-msg">Läs mer &rarr;</span></a></p>
