{"id":8,"date":"2017-07-04T21:50:28","date_gmt":"2017-07-04T19:50:28","guid":{"rendered":"https:\/\/landsbygdspartiet.org\/vimmerby\/?page_id=8"},"modified":"2018-01-24T00:39:00","modified_gmt":"2018-01-23T23:39:00","slug":"startsida","status":"publish","type":"page","link":"https:\/\/arkiv.landsbygdspartiet.org\/vimmerby\/","title":{"rendered":"Startsida"},"content":{"rendered":"<p><img loading=\"lazy\" class=\"aligncenter size-large wp-image-6\" src=\"https:\/\/arkiv.landsbygdspartiet.org\/vimmerby\/wp-content\/uploads\/sites\/58\/2017\/07\/LPoVimmerby-1024x274.jpg\" alt=\"\" width=\"1024\" height=\"274\" srcset=\"https:\/\/arkiv.landsbygdspartiet.org\/vimmerby\/wp-content\/uploads\/sites\/58\/2017\/07\/LPoVimmerby-1024x274.jpg 1024w, https:\/\/arkiv.landsbygdspartiet.org\/vimmerby\/wp-content\/uploads\/sites\/58\/2017\/07\/LPoVimmerby-300x80.jpg 300w, https:\/\/arkiv.landsbygdspartiet.org\/vimmerby\/wp-content\/uploads\/sites\/58\/2017\/07\/LPoVimmerby-768x206.jpg 768w, https:\/\/arkiv.landsbygdspartiet.org\/vimmerby\/wp-content\/uploads\/sites\/58\/2017\/07\/LPoVimmerby.jpg 1831w\" sizes=\"(max-width: 1024px) 100vw, 1024px\" \/><\/p>\n<p>2018-01-21 Dagens Vimmerby \u00a0 <a href=\"http:\/\/www.dagensvimmerby.se\/debatt\/e\/18308\/debatt-behover-satsa-nu-innan-mer-service-monteras-ner\/\" target=\"_blank\" rel=\"noopener\">Beh\u00f6ver satsa nu \u2013 innan mer service monteras ner<\/a><\/p>\n<p><a href=\"http:\/\/www.vimmerbytidning.se\/nyheter\/vimmerby\/oppna-famnen-for-landsbygdspartiet-20170118\" target=\"_blank\" rel=\"noopener\">Centern \u00f6ppnar famnen f\u00f6r landsbygdspartiet<\/a><\/p>\n<p><a href=\"http:\/\/www.dagensvimmerby.se\/nyheter\/politik\/e\/10185\/nationellt-parti-etablerar-sig-i-lanet-och-i-vimmerby\/\" target=\"_blank\" rel=\"noopener\">Nationellt parti etablerar sig i l\u00e4net \u2013 och i Vimmerby<\/a><\/p>\n<p><a href=\"http:\/\/www.dagensvimmerby.se\/kronikor\/simon-henriksson\/e\/10211\/det-har-ar-ett-parti-som-definitivt-kan-rora-om-i-grytan\/\" target=\"_blank\" rel=\"noopener\">Det h\u00e4r \u00e4r ett parti som definitivt kan r\u00f6ra om i grytan<\/a><\/p>\n","protected":false},"excerpt":{"rendered":"<p>2018-01-21 Dagens Vimmerby \u00a0 Beh\u00f6ver satsa nu \u2013 innan mer service monteras ner Centern \u00f6ppnar famnen f\u00f6r landsbygdspartiet Nationellt parti etablerar sig i l\u00e4net \u2013 och i Vimmerby Det h\u00e4r \u00e4r ett parti som definitivt kan r\u00f6ra om i grytan<\/p>\n <a class=\"more-link\" href=\"https:\/\/arkiv.landsbygdspartiet.org\/vimmerby\/\"><span class=\"more-msg\">L\u00e4s mer &rarr;<\/span><\/a>","protected":false},"author":14,"featured_media":0,"parent":0,"menu_order":0,"comment_status":"closed","ping_status":"closed","template":"","meta":[],"_links":{"self":[{"href":"https:\/\/arkiv.landsbygdspartiet.org\/vimmerby\/wp-json\/wp\/v2\/pages\/8"}],"collection":[{"href":"https:\/\/arkiv.landsbygdspartiet.org\/vimmerby\/wp-json\/wp\/v2\/pages"}],"about":[{"href":"https:\/\/arkiv.landsbygdspartiet.org\/vimmerby\/wp-json\/wp\/v2\/types\/page"}],"author":[{"embeddable":true,"href":"https:\/\/arkiv.landsbygdspartiet.org\/vimmerby\/wp-json\/wp\/v2\/users\/14"}],"replies":[{"embeddable":true,"href":"https:\/\/arkiv.landsbygdspartiet.org\/vimmerby\/wp-json\/wp\/v2\/comments?post=8"}],"version-history":[{"count":6,"href":"https:\/\/arkiv.landsbygdspartiet.org\/vimmerby\/wp-json\/wp\/v2\/pages\/8\/revisions"}],"predecessor-version":[{"id":26,"href":"https:\/\/arkiv.landsbygdspartiet.org\/vimmerby\/wp-json\/wp\/v2\/pages\/8\/revisions\/26"}],"wp:attachment":[{"href":"https:\/\/arkiv.landsbygdspartiet.org\/vimmerby\/wp-json\/wp\/v2\/media?parent=8"}],"curies":[{"name":"wp","href":"https:\/\/api.w.org\/{rel}","templated":true}]}}

<p><img loading="lazy" class="aligncenter size-large wp-image-6" src="https://arkiv.landsbygdspartiet.org/vimmerby/wp-content/uploads/sites/58/2017/07/LPoVimmerby-1024x274.jpg" alt="" width="1024" height="274" srcset="https://arkiv.landsbygdspartiet.org/vimmerby/wp-content/uploads/sites/58/2017/07/LPoVimmerby-1024x274.jpg 1024w, https://arkiv.landsbygdspartiet.org/vimmerby/wp-content/uploads/sites/58/2017/07/LPoVimmerby-300x80.jpg 300w, https://arkiv.landsbygdspartiet.org/vimmerby/wp-content/uploads/sites/58/2017/07/LPoVimmerby-768x206.jpg 768w, https://arkiv.landsbygdspartiet.org/vimmerby/wp-content/uploads/sites/58/2017/07/LPoVimmerby.jpg 1831w" sizes="(max-width: 1024px) 100vw, 1024px" /></p>
<p>2018-01-21 Dagens Vimmerby   <a href="http://www.dagensvimmerby.se/debatt/e/18308/debatt-behover-satsa-nu-innan-mer-service-monteras-ner/" target="_blank" rel="noopener">Behöver satsa nu – innan mer service monteras ner</a></p>
<p><a href="http://www.vimmerbytidning.se/nyheter/vimmerby/oppna-famnen-for-landsbygdspartiet-20170118" target="_blank" rel="noopener">Centern öppnar famnen för landsbygdspartiet</a></p>
<p><a href="http://www.dagensvimmerby.se/nyheter/politik/e/10185/nationellt-parti-etablerar-sig-i-lanet-och-i-vimmerby/" target="_blank" rel="noopener">Nationellt parti etablerar sig i länet – och i Vimmerby</a></p>
<p><a href="http://www.dagensvimmerby.se/kronikor/simon-henriksson/e/10211/det-har-ar-ett-parti-som-definitivt-kan-rora-om-i-grytan/" target="_blank" rel="noopener">Det här är ett parti som definitivt kan röra om i grytan</a></p>

<p>2018-01-21 Dagens Vimmerby   Behöver satsa nu – innan mer service monteras ner Centern öppnar famnen för landsbygdspartiet Nationellt parti etablerar sig i länet – och i Vimmerby Det här är ett parti som definitivt kan röra om i grytan</p>
 <a class="more-link" href="https://arkiv.landsbygdspartiet.org/vimmerby/"><span class="more-msg">Läs mer &rarr;</span></a>
